 -3. What is the units digit of u?
5
Let t(c) = 5*c**3 - 3*c**2 + 2*c - 7. Let j be t(3). Suppose 0 = -5*l + 632 - j. What is the units digit of l?
5
Let d be 11 - 1/((-2)/(-6)). Let l = 0 - d. What is the units digit of l/(-28) + 48/28?
2
Suppose -v + 14 = 3*a, 2*v - 2*a - 19 = -3*v. Suppose 258 = -v*x + 8*x. What is the tens digit of x?
8
Suppose -26*i = -24*i + 4*p - 5392, -5*p + 2708 = i. What is the tens digit of i?
8
Suppose -3*k + 598 = -1082. What is the tens digit of k?
6
Suppose 2*d + 120 = 4*y, -3*y + 95 = -d - 8*y. Let f = -39 - d. Suppose -f - 143 = -3*o. What is the tens digit of o?
5
Let f be (4/6)/(4/54). Let m be (-8 + f)/(2/8). Suppose 0*x + x + 43 = m*d, -2*d + 8 = 4*x. What is the tens digit of d?
1
Suppose 42*o + 4*o - 35696 = 0. What is the units digit of o?
6
Let p(w) = 15*w**2 - 4. Let b(d) = 14*d**2 + d - 3. Suppose 3*m - 2*q + 1 = 0, -5 = 2*m - 4*q + 9. Let x(t) = m*b(t) - 2*p(t). What is the units digit of x(-2)?
1
Suppose -11*d = -7*d - 12. Suppose d*g - 694 = t, -g + 6*t + 226 = 3*t. What is the hundreds digit of g?
2
Suppose 5*f = -3*q + 12162, 4867 = -2*f + 4*f - q. What is the hundreds digit of f?
4
Suppose -29 = -v - 38. Let i be 0/((-3)/v*3). Suppose 3*t - 15 - 39 = i. What is the tens digit of t?
1
Let f = -175 - -408. What is the units digit of f?
3
Let b(t) = -t - 4. Let l be b(-6). Let u be 30/l - (0 + 3). Let a = -3 + u. What is the units digit of a?
9
Suppose 12*t - 459 - 93 = 0. Suppose -3*x - 5*a - 49 = 0, 4*x + 50 = 4*a - 58. Let w = x + t. What is the tens digit of w?
2
Suppose -3*q = -3, -3*b + 48 = q + 17. Let j(s) = -s**2 + 12*s - 2. Let r be j(b). What is the tens digit of (-12)/4 - (0 - r)?
1
Let n(b) = 3*b**3 + b - 5*b**3 - 5*b**3 + 4. Let p be n(-2). Suppose -4*g - p + 174 = 0. What is the tens digit of g?
2
Suppose -3*p - u - 6 = 0, -12 = p - 4*p + 5*u. Let v(m) = 0*m**2 - 5*m + m + 16*m**2 + m - 2. What is the units digit of v(p)?
7
Suppose 5*a - 3*a = -288. Let q = -47 - a. What is the units digit of q?
7
Let v(i) = -283*i - 7 + 302*i - 2. What is the tens digit of v(3)?
4
Suppose 5*o = -47 - 93. Let p = o + 14. Let c = p - -48. What is the tens digit of c?
3
Let g be 5*(2*-1)/(75/165). Let u = g + 97. What is the tens digit of u?
7
Suppose 8740 = 12*i - 7*i. What is the units digit of i?
8
Suppose -2434 = -7*p - 964. Suppose -s + p = 2*g, -4*s = s + 2*g - 1018. What is the units digit of s?
2
Suppose 23734 + 74438 = 27*w. What is the tens digit of w?
3
Suppose -f + 6*f - 29 = 4*u, -u - 9 = -3*f. Let j = u - -9. What is the units digit of j?
3
Let s(j) = -4*j**2 - 203*j + 95. What is the units digit of s(-45)?
0
Suppose 2 = -w - 2*g, 0*w + 4*w = -5*g + 1. Suppose w*a - 4 = 12. Suppose a*c = 5*c - 42. What is the units digit of c?
2
Suppose -32*v + 27*v + 5 = 0, -t + 4*v = -2989. What is the units digit of t?
3
Let g(x) = 2*x**2 - x - 13. Let q(r) = r - 1. Let p(v) = g(v) - 5*q(v). What is the tens digit of p(8)?
7
Let i(h) = 5*h**2 + h. Let n(w) = w**2 + 8*w - 10. Let d be n(-9). Let l be i(d). Suppose z + l*r - 21 = 0, -2*r + 6 + 21 = z. What is the units digit of z?
3
Let x be (-42)/9*(-3)/2. Let z = x - -5. Suppose 8*p = 11*p - z. What is the units digit of p?
4
Let n(q) = -8*q - 5. Let a be n(-2). Suppose -16 = -a*x + 13*x. What is the units digit of (-84)/8*x/12?
7
Let h be (-4)/10 - 81/(-15). Suppose 342 = 3*a + 3*f, a - 4*a = h*f - 334. What is the tens digit of a?
1
Let i(v) = -8*v**3. Let j be i(-1). Suppose -5*c = j + 27. Let p = 23 + c. What is the tens digit of p?
1
What is the thousands digit of 196030/32 - (-4)/64?
6
Let c(x) = -2*x - 7. Let r be c(-5). Suppose -5*p = -3*w - 193, 109 = r*p - 5*w - 10. What is the tens digit of p?
3
Let m(o) = -101*o - 186. What is the units digit of m(-10)?
4
Suppose 0 = h - 4*h + 2*j + 74, -4*h = -2*j - 98. Let g = -23 + h. What is the units digit of g?
1
Let i(t) = -t**3 - 2*t**2 + t + 5. Let n be i(-4). What is the units digit of (n/12)/((-1)/(-20))?
5
Suppose 0 = 3*g + 6, z = 3*g - g + 11. Suppose 2*t + h - z = 0, 8 = 5*t - t - 4*h. What is the tens digit of -3 - ((-117)/t + 3)?
3
Let v = 428 + 445. What is the tens digit of v?
7
Let r(m) = -103*m - 82. What is the hundreds digit of r(-12)?
1
Let d(o) = 4*o + 4. Let g be d(10). Suppose c = 3*v + 6*c + g, v + 16 = -c. Let t = v + 64. What is the units digit of t?
6
Let n = 132 - -84. What is the hundreds digit of n?
2
Let q(c) = 36 + 9 - 4 + 8*c + 36. What is the units digit of q(26)?
5
Let x be (-327)/4*(-12)/9. What is the hundreds digit of x - (3/6)/(2/(-4))?
1
Let o be ((-16)/(-20))/((-2)/(-5)). Suppose 0 = 4*k - o*b + 58, k + 27 = -3*b + b. What is the tens digit of 1*(0 + -1)*k?
1
Let w(c) = -205*c - 19. What is the hundreds digit of w(-2)?
3
Let j(g) = -3*g**3 - 8*g**2 + 15*g + 60. What is the units digit of j(-7)?
2
Let w(u) = -27*u + 18. What is the tens digit of w(-2)?
7
Let z be 5*(-3)/(-3) + -2. Suppose c - z*c + 100 = 0. What is the units digit of c?
0
Suppose 4*i - 21 = w, 0 = -i - w + 4. Let f(l) = 2 + l**3 - 2*l + 4*l - 4*l - 4*l**2. What is the tens digit of f(i)?
1
Suppose 4*n + 0 + 16 = 4*r, 3*r + n = 4. Let u = 2 + -18. What is the units digit of r + (-4)/u*0?
2
Let q be -12*(-3 - 43/(-2)). Let m = -127 - q. Suppose -5*i - 2*y + m = -3*y, 2*i + y - 31 = 0. What is the units digit of i?
8
Let x = 812 - 228. What is the tens digit of x?
8
Let q be (-2)/7 - (-14)/49. Suppose -l + 15 - 5 = q. What is the units digit of l?
0
What is the tens digit of (-3)/21 + 13036/14?
3
Let a be 351/(-5) + -2*2/(-20). What is the units digit of 1/(0 - 5/a)?
4
Let g(l) = -l**2 + 14*l - 24. Let c be g(10). Suppose c*w = 17*w - 28. What is the units digit of w?
8
Let s(f) = f**3 - 4*f + 3. Suppose -d - 8 = -10. What is the units digit of s(d)?
3
Let x(b) = b**2 + 2*b + 100. Suppose 10*q - 5*q = 0. Let k be x(q). Suppose 0 = 5*i - s - k, -2*i + 27 = 2*s - 13. What is the tens digit of i?
2
Let s(n) = 7*n - 86. What is the hundreds digit of s(30)?
1
Suppose 69*i - 73*i + 220 = 0. What is the units digit of i?
5
Suppose -3*t + 3051 = j, 4*t - 3*j = 4732 - 664. What is the units digit of t?
7
Let r = 236 - 169. Let d = r - 18. What is the units digit of d?
9
Suppose 10*z - 215 - 155 = 0. Let i = -29 + z. What is the units digit of i?
8
Let h(k) be the second derivative of -k**5/20 - 3*k**4/4 + 5*k**3/3 + 5*k**2/2 + 3*k. Let i be h(-10). Suppose i*q = 140 + 60. What is the units digit of q?
0
Let s(p) = 0 + 5 - 8*p + 24*p - 2. Let d(q) = -q - 3. Let z be d(-5). What is the units digit of s(z)?
5
Let h = -2 + 6. Suppose -160 = -4*o + h*v, 3*v = -0*o + o - 32. What is the tens digit of o?
4
Let j(d) = -39*d - 14 + 25 - 13. What is the units digit of j(-1)?
7
Suppose 0 = -4*g + 8, -5*j = -2*j - 4*g - 5788. What is the units digit of j?
2
Let p = 1700 + 142. Suppose 0 = -2*f - 4*f + p. What is the units digit of f?
7
Let y(j) = -j**3 + 7*j**2 + 5. Let q be y(7). Suppose q*z - 313 = 3*d + 287, -480 = -4*z - 5*d. What is the units digit of z/36 - 1/3?
3
Let g(v) = 12*v + 41. What is the hundreds digit of g(11)?
1
Suppose -2*n = 8*n - 1060. Suppose 0 = -3*t - 3*a + 291, -2*t + n = -t + 4*a. What is the tens digit of t?
9
Suppose 0 = -4*g - 197 - 35. Let u be (-12)/4 + -3 + (-8)/(-1). What is the units digit of g/(-4) - 3/u?
3
Let z = 860 + -449. Suppose -2*o + 4*o - 685 = -5*p, 3*p + o - z = 0. What is the hundreds digit of p?
1
Let p(f) be the first derivative of f + 2*f - 5 - f - 2*f**2 - 5*f. What is the units digit of p(-7)?
5
Suppose -13*l + 8*l = 2*x - 1570, -5*l + 4*x = -1540. What is the tens digit of l?
1
Suppose 7988 + 2308 = 44*j. What is the hundreds digit of j?
2
Let o = 51 + -36. Let g = -22 + o. Let x(s) = s**2 + 3*s + 8. What is the units digit of x(g)?
6
Let s(v) = 3*v**2 - 6*v + 217. What is the hundreds digit of s(0)?
2
Suppose -32*i = 17872 - 69904. What is the tens digit of i?
2
Let f(w) = -9*w - 6. Let k(s) = -s**2 - 2*s - 1. Let u be k(-2). Let b be (-1 + u)*40/16. What is the units digit of f(b)?
9
Let i be (10/1)/(5 + -3). Suppose -2*r + r + 1 = h, 2*h + 7 = -i*r. Suppose -1 = k - 4, h*w = 4*k - 8. What is the units digit of w?
1
What is the hundreds digit of -114*3/(-6 + (-225)/(-40))?
9
Suppose -1 = -3*g + 8, 0 = 3*b + 5*g - 15. Suppose -2*h = -b*h - 18. Suppose 2*r + 0*f =